 + 6?
-1582
In base 11, what is -a4a2 - 19?
-a510
In base 14, what is -1168d + -5d?
-1170c
In base 4, what is 131010 + -2132?
122212
In base 6, what is 1 - 24540?
-24535
In base 4, what is 11303022 + 2?
11303030
In base 8, what is -371 + 1?
-370
In base 14, what is -6 - -42c07?
42c01
In base 9, what is 423116 + 0?
423116
In base 16, what is -34b + d4d?
a02
In base 6, what is -113 + 24411?
24254
In base 9, what is 156163 + 6?
156170
In base 12, what is -125aa - 3?
-125b1
In base 3, what is 11011012 - 2100?
11001212
In base 5, what is -11314424 - -3?
-11314421
In base 5, what is -2 - -220244?
220242
In base 10, what is 2506 - 5?
2501
In base 13, what is 6 - -354b?
3554
In base 12, what is b15 + 9?
b22
In base 15, what is -837 + -5?
-83c
In base 5, what is -2414031 - 23?
-2414104
In base 15, what is -11 + -298?
-2a9
In base 14, what is 5c2 + 11bb?
179d
In base 13, what is -43 - -4c3?
480
In base 4, what is 10023232 - 1?
10023231
In base 14, what is -c1 - -68?
-57
In base 9, what is 1261 - 128?
1132
In base 15, what is 2 + -161d?
-161b
In base 16, what is -eb2 - 2?
-eb4
In base 14, what is a9 + -63b?
-572
In base 14, what is -378a8 + -5?
-378ad
In base 6, what is 502 + 31122?
32024
In base 7, what is 1441 + 34?
1505
In base 12, what is -910 + 608?
-304
In base 9, what is 1 + 61704?
61705
In base 9, what is 11058 + 5?
11064
In base 4, what is -31 - -30310200?
30310103
In base 12, what is -a2a + -11?
-a3b
In base 9, what is -3555 - 21?
-3576
In base 3, what is -212112 - 121020?
-1110202
In base 9, what is 2 - 25667?
-25665
In base 4, what is -333 - -2323323?
2322330
In base 6, what is 2 + 202315?
202321
In base 2, what is -111010 + 1010100010?
1001101000
In base 10, what is -1 + -284334?
-284335
In base 4, what is -3 + 1211200?
1211131
In base 5, what is -4340112 - 1?
-4340113
In base 7, what is 231 - 262?
-31
In base 9, what is 238 + 4220?
4458
In base 2, what is 101100001 - 11000011101101?
-10111110001100
In base 6, what is 41113 + -21?
41052
In base 5, what is -4 + 121423?
121414
In base 12, what is -6 - -7b9b?
7b95
In base 7, what is -4 + 106426?
106422
In base 4, what is -3012 - -101200?
32122
In base 3, what is 11122 + 120121?
202020
In base 6, what is 4235 + 1055?
5334
In base 8, what is 1117 - -124?
1243
In base 14, what is 2 - c1c7?
-c1c5
In base 5, what is 10 - 322123?
-322113
In base 12, what is -8b0 + -182?
-a72
In base 7, what is 3640501 + 3?
3640504
In base 8, what is -15407 + -107?
-15516
In base 5, what is -12 + 13221330?
13221313
In base 7, what is 66655 + -35?
66620
In base 13, what is 66b53 + 13?
66b66
In base 3, what is -20122020 - 20?
-20122110
In base 15, what is 4 - 3715b?
-37157
In base 16, what is 16c1 - 261?
1460
In base 14, what is 3a2 - -33?
3d5
In base 4, what is 10123311 + 3?
10123320
In base 2, what is 1110 + 1001000011001011?
1001000011011001
In base 9, what is -2 - 462530?
-462532
In base 2, what is 0 + -10000010011100?
-10000010011100
In base 12, what is 643 - 2?
641
In base 12, what is 47 - -5118?
5163
In base 5, what is -231 - -23?
-203
In base 3, what is 2100 - -21?
2121
In base 16, what is -522a + 4?
-5226
In base 14, what is 65db - -9?
6606
In base 8, what is 3 - 6756035?
-6756032
In base 11, what is -15256 + -1?
-15257
In base 12, what is -4 + -8b984?
-8b988
In base 9, what is -8484 - 1573?
-11167
In base 13, what is 143 - 19c?
-59
In base 2, what is -1011000001 + 1001011?
-1001110110
In base 13, what is 1 - -1950?
1951
In base 3, what is -12 + -121111012?
-121111101
In base 4, what is -1030211221 + 3?
-1030211212
In base 16, what is 73a + 12c?
866
In base 10, what is 5 - 49267?
-49262
In base 6, what is 2551150 + -11?
2551135
In base 15, what is 66c + -19?
653
In base 8, what is 14373 + 53?
14446
In base 13, what is -10c14 + 4?
-10c10
In base 6, what is -30 + -33121?
-33151
In base 14, what is -1913 - -1?
-1912
In base 10, what is 7 + -21132?
-21125
In base 13, what is -437 - -250?
-1b7
In base 13, what is -8 + 176b?
1763
In base 11, what is 35076 + -16?
35060
In base 12, what is 412463 + -1?
412462
In base 7, what is -50 + -454?
-534
In base 11, what is -6 + 4603?
45a8
In base 7, what is -6560123 + -2?
-6560125
In base 3, what is 20 - 1212011?
-1211221
In base 5, what is 203 + 4240?
4443
In base 6, what is 1 - 351?
-350
In base 4, what is -100 - 10320?
-11020
In base 13, what is -1 - -258a?
2589
In base 11, what is 2a62 - 44?
2a19
In base 9, what is -215 + -418?
-634
In base 11, what is -14 + -9371?
-9385
In base 11, what is -5 - 2469a?
-246a4
In base 14, what is 986b - -5?
9872
In base 4, what is 11 + -233123?
-233112
In base 8, what is -434247 - 3?
-434252
In base 3, what is 102000121 + 102?
102001000
In base 2, what is 101000010 + 11110011011?
100011011101
In base 4, what is 12 + 3201000?
3201012
In base 15, what is -18514 + -4?
-18518
In base 13, what is 0 + 1973?
1973
In base 6, what is -1540 + -145?
-2125
In base 12, what is -13a86 + -18?
-13aa2
In base 4, what is 202322302 + -32?
202322210
In base 12, what is -a0 + -3070?
-3150
In base 14, what is 4259 + -1?
4258
In base 9, what is -642 - 53?
-705
In base 5, what is -114 + -1110413?
-1111032
In base 3, what is -1201021 + -120?
-1201211
In base 9, what is 3 + 403830?
403833
In base 3, what is -20200 - 11110?
-102010
In base 11, what is -4 - a997?
-a9a0
In base 15, what is -20 + d5c?
d3c
In base 12, what is 111 + 259?
36a
In base 2, what is 10101011001000110 - 10?
10101011001000100
In base 12, what is 571 - -6?
577
In base 14, what is 1198d - 1?
1198c
In base 14, what is c884 - -1?
c885
In base 8, what is -3 + -73133?
-73136
In base 16, what is 936 + -3ca?
56c
In base 5, what is -1132 - 3442?
-10124
In base 12, what is 174a3 + 1?
174a4
In base 15, what is -9 - -7091?
7087
In base 16, what is -83 - -9a?
17
In base 2, what is -1000001110010 - -1100?
-1000001100110
In base 5, what is 1341032423 - 10?
1341032413
In base 12, what is 29 + 3a?
67
In base 5, what is -12132012 - -10?
-12132002
In base 7, what is -26510 - -1126?
-25351
In base 12, what is -4 - -4167?
4163
In base 14, what is -6971 - -1?
-6970
In base 15, what is -3 - 87060?
-87063
In base 14, what is -8abd - -14?
-8aa9
In base 9, what is 54 - 4602?
-4537
In base 12, what is 18483 + 7?
1848a
In base 3, what is -20021111211 + -12?
-20021112000
In base 11, what is -4 - -56a73?
56a6a
In base 10, what is -4 + -2604?
-2608
In base 4, what is -2 - 10331211?
-10331213
In base 10, what is 132 + -870?
-738
In base 12, what is -73 + -758?
-80b
In base 13, what is -67 + 1b?
-49
In base 4, what is 222 + 322100?
322322
In base 3, what is 102222 - 12?
102210
In base 2, what is 100 + -100101000010011011?
-100101000010010111
In base 11, what is -207a612 - 0?
-207a612
In base 7, what is -40 + -140511?
-140551
In base 11, what is 86917 + -4?
86913
In base 5, what is -130123 + -1240?
-131413
In base 9, what is -3051362 - -2?
-3051360
In base 8, what is 457 - -410?
1067
In base 13, what is -4 - -10271?
1026a
In base 14, what is 349 - -a61?
daa
In base 16, what is -27ee40 + -1?
-27ee41
In base 8, what is -137040 - 3?
-137043
In base 11, what is -34334 - 5?
-34339
In base 12, what is -375158 - -4?
-375154
In base 10, what is 4 + -5919?
-5915
In base 5, what is 14 + 224244?
224313
In base 11, what is 0 - 260700?
-260700
In base 16, what is -5758 - -9?
-574f
In base 16, what is -c + d875?
d869
In base 9, what is -75461 + -4?
-75465
In base 2, what is -1101111000111101111 + -100?
-1101111000111110011
In base 12, what is -1a2a7 + -1?
-1a2a8
In base 11, what is 908372 + 5?
908377
In base 12, what is -4386 + 28?
-435a
In base 3, what is 202 - 11110?
-10201
In base 8, what is 153 + -1602?
-1427
In base 16, what is 96 - 47c?
-3e6
In base 15, what is 34e1c + 11?
34e2d
In base 13, what is c - 31259?
-3124a
In base 13, what is 261a3 + 1?
261a4
In base 7, what is -3514563 + -2?
-3514565
In base 6, what is -553 + -10301?
-11254
In base 7, what is 30340 + -1160?
26150
In base 12, what is 5 + -97116?
-97111
In base 9, what is -31 + -4241?
-4272
In base 16, what is 2 - 3901c?
-3901a
In base 13, what is -5 - 29484?
-29489
In base 7, what is -12464546 + -2?
-12464551
In base 10, what is 0 + 27395?
27395
In base 2, what is 101 + 1001010110101001010?
1001010110101001111
In base 7, what is 0 + 1631305?
1631305
In base 4, what is -2013